of i and u.
11
Let s be 27/(-63) - 295/(-35). Let f = 87 - 85. Calculate the greatest common factor of f and s.
2
Suppose 0 = 4*m + 5*i - 4865, -3*m + 216*i - 213*i + 3642 = 0. What is the greatest common divisor of m and 11421?
243
Suppose -4*t + 640 + 166 = 2*a, -t = -a - 188. Calculate the greatest common factor of t and 19306.
197
Let h = 414 + -362. Let c = h - -1043. Calculate the highest common divisor of c and 15.
15
Suppose -8*o + 397 = -75. Let j(f) = -56*f - 3. Let d be j(-4). Let h = d - o. What is the greatest common factor of 18 and h?
18
Let v = 38 - -165. Let p = 308 + -301. What is the highest common factor of v and p?
7
Let i be (8/2 + -4)/2. Let y be (7/14 + -1 + 1)*i. Suppose -3*d - 6*d + 108 = y. What is the greatest common factor of d and 120?
12
Suppose -7*k - 2693 = -4457. What is the highest common divisor of 1218 and k?
42
Let m(j) = 2*j + 5. Let b be m(5). Let h be 386/26 + (48/(-26))/(-12). Calculate the greatest common factor of b and h.
15
Let u(w) = -w**3 - 3*w**2 + 2*w + 3. Let g be u(-4). Let x be ((-5)/(-540) - 6/(-81)) + (-6157)/(-564). What is the highest common divisor of x and g?
11
Suppose -n + 164 = 14*x - 10*x, -10*n - 2*x + 1336 = 0. What is the highest common factor of n and 11682?
66
Let l be (-86)/1419 - 10/(-132)*938. What is the greatest common divisor of 1917 and l?
71
Let s(z) = -17*z + 127. Let d be ((-6)/(-9) - -1)/((-6)/(-18)). Let u be s(d). Calculate the highest common factor of 140 and u.
14
Suppose -6 - 84 = -9*a. Let q be 8/(-10)*(-30)/4. Suppose a - q = 4*w. Calculate the greatest common factor of 16 and w.
1
Suppose 1975*b = 1974*b - 4*g + 36, 0 = 3*b - 5*g - 6. Let i be (-34)/(-10) - 8/20. Suppose -i*s - 2*s = -420. Calculate the highest common divisor of s and b.
12
Let p(v) = 4*v + 116. Let h be p(-28). Suppose x = 3*i - 104, 0 = 4*i - 0*i - x - 137. Let t = 49 - i. What is the highest common factor of t and h?
4
Let m(l) = 3*l + 3. Let t be m(0). Let c be (-2 - (-2 - 2)) + t. Let d be (15/(-9))/(1/(-15)). Calculate the highest common divisor of d and c.
5
Let c = -8004 + 8074. What is the highest common factor of c and 1085?
35
Let u be (-1509)/(-27) - 27/81*(-2)/6. Calculate the highest common factor of u and 27272.
56
Suppose -8 = j, -44*y + 7*j + 192 = -43*y. What is the highest common factor of y and 13192?
136
Let s(n) = -166*n + 65. Let z be s(6). Let x be (3 - 4)/(7/z). Calculate the greatest common factor of 19 and x.
19
Suppose -4*j + 15554 = -2*c, -5*c - 5694 = 3*j - 17353. What is the greatest common divisor of 288 and j?
144
Suppose 4*a + 4612 = 7*o, 72*o + 4*a = 68*o + 2604. What is the greatest common divisor of 1066 and o?
82
Let c = 105 + -106. Let z be (224/84)/(c/(-3)). Calculate the greatest common divisor of 136 and z.
8
Suppose 218*z + 442 = 220*z. Let y = 230 - z. Calculate the highest common factor of y and 1.
1
Let i(j) = -j**3 - 5*j**2 - 24*j - 84. Let t be i(-6). Suppose -61*x + 59*x = -t. What is the greatest common factor of x and 18?
6
Let s = -64 + 106. Suppose -291*g + 3097 = -10871. What is the highest common factor of g and s?
6
Let j be ((-19)/2)/((-2)/20). Let p = j + -60. Let r be -6 + (-10 - 1)/(17 - 18). What is the highest common factor of r and p?
5
Let u = 990 + -677. Suppose 990 = u*j - 308*j. Calculate the greatest common factor of 27 and j.
9
Let v(i) = 8*i - i + 7 - 2*i + 9*i**2. Let s(a) = -a**2 - 39*a - 79. Let p be s(-37). Let t be v(p). Calculate the highest common divisor of t and 23.
23
Let q(k) = 3*k**3 - 13*k - 20. Suppose -17 = -2*s + t, -7 = -16*s + 14*s - t. Let z be q(s). Calculate the greatest common divisor of z and 50.
50
Suppose -1116 = -a - 5*r, 2*a + r = -804 + 3018. Calculate the highest common divisor of 42 and a.
14
Let h be (-33)/(495/(-12))*(-1 - -61). Calculate the greatest common factor of h and 2832.
48
Let i be 28206/63 + 2/7. Suppose -i = p - 15*p. Suppose -f + p = 12*j - 8*j, f = j - 13. What is the greatest common factor of 81 and j?
9
Let u = 0 - -7. Let q(a) = -4*a + 26. Let o(k) = -2. Let c(x) = -6*o(x) - q(x). Let d be c(u). What is the greatest common divisor of d and 21?
7
Suppose -4*x - 35 = -v, -4*x + 4*v = -v + 15. Let k = x + 21. Let p(t) = t**2 - 11*t + 3. Let m be p(k). What is the highest common divisor of m and 9?
3
Suppose 4*r - 932 = -292. Let n(h) = h + 12. Let y be n(-10). Suppose y*l - 11*l + 180 = 0. What is the greatest common divisor of r and l?
20
Let b = 22 - -29. Suppose -129 - b = -m. Let d be 2/(-9) + (1 - (-155)/9). What is the greatest common divisor of d and m?
18
Suppose -219*v = -207*v - 1260. Let u(d) be the first derivative of -9*d**2/2 - 12*d - 1. Let z be u(-3). Calculate the highest common factor of v and z.
15
Let q = 174 + -170. Suppose 7*x - 575 = -u + 12*x, 2*u - 1080 = -q*x. What is the greatest common divisor of 50 and u?
50
Let g = 105 + -260. Let a = 169 + g. Calculate the greatest common factor of 14 and a.
14
Let x(p) = p**3 + 20*p**2 + 22*p + 100. Let l be x(-14). What is the greatest common divisor of 605 and l?
121
Suppose 5*z + 328 = 4*p, 0 = -5*p + 5*z - 28 + 443. What is the greatest common factor of 8787 and p?
87
Let x(m) = -m**2 + m - 6. Let t(k) = -42 + 88 - 47 + k**2. Let d(y) = 4*t(y) - x(y). Let l be d(-2). Calculate the greatest common divisor of 36 and l.
12
Let y = -27 + 65. Suppose -5*w + 91 = -0*i + 3*i, -i + 4*w + 19 = 0. Let c = 122 - i. What is the greatest common factor of y and c?
19
Suppose -10*l = -34*l - 355 + 2659. Let h(a) = 56*a. Let o be h(6). What is the greatest common divisor of o and l?
48
Let f = 377 + -220. Let c = f + -109. Suppose 4*a = -2*a + c. Calculate the highest common factor of a and 24.
8
Let d(w) = 28*w + 106. Let b be d(1). Calculate the greatest common divisor of 18023 and b.
67
Let f = 144 - -1665. Calculate the greatest common divisor of 18 and f.
9
Let i = 17 - 5. Let m(g) = 4*g + 16. Let x be m(-4). Suppose -2*w = 5*z - 35, 4*w - 2*z = -x*w + 130. What is the greatest common divisor of w and i?
6
Let w = 2909 + -1685. Calculate the highest common factor of 288 and w.
72
Let l = 4223 + -3807. Calculate the highest common divisor of l and 286.
26
Let y = 680 - 407. Calculate the highest common factor of 65 and y.
13
Suppose -132 = -v - v. Let b be 630/(-75)*(-5)/2*1. Suppose 24*r - b*r = 66. Calculate the greatest common divisor of v and r.
22
Let x(t) = -680*t + 2046. Let j be x(3). What is the highest common factor of 2164 and j?
2
Let k = 14897 - 14866. Suppose t = 97 + 120. What is the greatest common factor of k and t?
31
Let n(h) = -h**3 + 3*h**2 + 7*h - 5. Let z be n(4). Suppose 0 = 10*k - 6*k - 160. Let t = k - 33. What is the highest common divisor of z and t?
7
Suppose 0 = -5*w + 2*b + 2508, -b = -2*w + 296 + 706. Calculate the greatest common factor of 112 and w.
56
Let d = 3137 + -3113. Calculate the greatest common factor of 708 and d.
12
Let k be ((-194)/(-4 - -2))/(-1). Let u = k + 102. What is the highest common divisor of 15 and u?
5
Suppose -4*a = -g + 26, -5*g = 3*a - 799 + 646. What is the greatest common divisor of 885 and g?
15
Let y(f) = f**3 + 13*f**2 - 10*f - 44. Let k be y(-14). Let s = 158 + k. Calculate the greatest common divisor of 203 and s.
29
Suppose 0 = -472*b + 26203 - 5907. Calculate the highest common divisor of 19307 and b.
43
Let g be (470/70)/(10/3710). Calculate the highest common factor of g and 329.
47
Let a be (-3)/(-5)*(34 + -9). Let v = -24 + a. Let l be -5*(0 - v/(-3)). Calculate the greatest common factor of l and 30.
15
Suppose -2*o = 30 - 10. Let p be 4/o + (-224)/(-35). Suppose 4*y = p + 14. What is the highest common factor of 95 and y?
5
Let w be 0 + 11 - (0 + 1). Let d be (-8)/72 - ((-5696)/(-18))/(-4). Suppose -3*u - d + 91 = 0. Calculate the greatest common divisor of w and u.
2
Let p be (17 - 50)*(-1)/3. Let j be 2*5 + 9 + -12. Suppose -j*f - 130 = -746. What is the highest common factor of f and p?
11
Let a = -83 - -123. Let m(s) = 16*s - 20. Let u be (-1 + -2)*28/(-12) - 2. Let q be m(u). Calculate the greatest common divisor of a and q.
20
Let a be ((-12)/(-7))/6*7. Let g be (0 - 47)/(a/(-32)). What is the greatest common factor of g and 16?
16
Suppose -49*m = -59*m. Let g be (-174)/406 - ((-807)/21 + m). What is the highest common factor of g and 